emainder when ((-32)/(-6))/(4/6) is divided by 3?
2
Let k = 4 + -6. Let x = -1 - k. What is the remainder when 20*2 - (1 + x) is divided by 20?
18
Suppose -5*r + 93 = 5*i - 197, -173 = -3*r - 2*i. Calculate the remainder when r is divided by 15.
12
Suppose -o + 4*o = 36. Let i be (-322)/8 + 3/o. Let n = i + 61. What is the remainder when n is divided by 8?
5
Let j be 2 + 0 - (6 + -6). Suppose -2 = -4*g + j, -5*w = -3*g - 127. Suppose -i + 8 = y + 2*i, 2*y - w = -4*i. Calculate the remainder when y is divided by 13.
10
Suppose 0 = -34*u + 29*u + 390. Calculate the remainder when u is divided by 10.
8
Let m(u) = 8*u - 8. Let p(r) = -3*r + 3. Let j(g) = 4*m(g) + 11*p(g). Calculate the remainder when j(-3) is divided by 2.
0
Let x = 1 - 11. What is the remainder when 18/(-45) + (-144)/x is divided by 5?
4
Suppose 438 = 20*f - 18*f. Calculate the remainder when f is divided by 20.
19
Suppose -37 = -n - n + p, 2*n - 46 = 4*p. Suppose 9*u - 4*u - 325 = 0. What is the remainder when u is divided by n?
14
Let c(q) = -q**2 - 6*q. Let h be c(-5). Suppose -5*p + v + 317 = 100, -5*p + h*v + 225 = 0. Calculate the remainder when p is divided by 15.
13
Suppose -3*r - u = -56, 6*u - 110 = -5*r + u. Calculate the remainder when 203 is divided by r.
16
Let t(l) = 4*l - 72. What is the remainder when 29 is divided by t(19)?
1
Suppose -5*n + 15 = -0*n. Calculate the remainder when 15 is divided by (-1)/n + 143/33.
3
Let u be (1 + 5)/(-1 + 0). Let m = 12 + u. What is the remainder when 15 is divided by m?
3
Suppose 3*w = 3, k + w = 3*k - 25. What is the remainder when k is divided by 4?
1
Let w(o) = 3*o - 5. Let v = 42 + -30. Let d = v - 6. What is the remainder when w(d) is divided by 4?
1
Let t(x) = -14*x - 11. What is the remainder when t(-5) is divided by 12?
11
Let a = 26 + 13. Let p = -21 + a. Calculate the remainder when p is divided by 5.
3
Let z be 4/(-8) + 6/4. Let j = z + -4. What is the remainder when 29 + 1/j*-3 is divided by 16?
14
Let v = -34 - 6. Let l be (1/(-2))/(8/992). Let a = v - l. What is the remainder when a is divided by 6?
4
Let w(j) = -21*j - 22. Calculate the remainder when w(-7) is divided by 32.
29
Let s(r) = r**2 + 9*r - 6. What is the remainder when 54 is divided by s(-12)?
24
Let g = 4 - 6. Let x = g - -6. What is the remainder when (1 - (-1 + -2)) + 6 is divided by x?
2
Suppose 5*x - 90 = 2*x. Suppose x = 5*v - 5*a, -3*v + 4*v + a - 14 = 0. Let z = 35 + -6. Calculate the remainder when z is divided by v.
9
Suppose o - 11 = -6. Calculate the remainder when 8 is divided by o.
3
Let h(b) = b**2 - 2*b + 7. Let c = 10 + -8. Suppose -2*s - c*o - 19 = -3*o, -4*s - 48 = -4*o. Calculate the remainder when h(s) is divided by 18.
16
Let n(p) = 3*p**3 - p**2 + 3*p + 3. What is the remainder when n(4) is divided by 12?
11
Let x(f) = f**3 - 4*f**2 + 4*f - 1. Let b be x(3). Let j(z) = -7 + 6*z + 2*z**b + 0*z + z. Calculate the remainder when j(-6) is divided by 6.
5
Let i = -24 + 37. What is the remainder when i is divided by 8?
5
Let r(w) be the third derivative of w**4/24 - w**3/2 + 3*w**2. Let k be r(5). Suppose -85 = -3*m - k*m. What is the remainder when 32 is divided by m?
15
Let s = 24 - 26. Calculate the remainder when s/(12/(-39))*2 is divided by 8.
5
Suppose -3*l + 230 = 2*l. Suppose -l - 11 = -3*d. What is the remainder when 56 is divided by d?
18
Suppose 4*w + 22 = 6*w. Calculate the remainder when 43 is divided by w.
10
Let g(h) = -3*h + 9. Let s = 13 - 7. Let o be g(s). Calculate the remainder when ((-51)/o)/((-2)/(-6)) is divided by 9.
8
Suppose 3*z + 4 = -4*m - 33, -z - 2*m = 13. Let q = 12 + z. What is the remainder when 1 is divided by q?
0
Let l be -3*6/9*-2. Let d(j) = l - 4*j**3 - 1 + j + 3*j**3. Calculate the remainder when 4 is divided by d(0).
1
Suppose -4*g = 3*d - 89, 2*g - 100 = -5*d + 5*g. Calculate the remainder when d is divided by 13 + -2 + 2/2.
11
Let r(d) = d**2 - 3. Calculate the remainder when r(-6) is divided by 17.
16
Suppose 3*t + 78 = 4*t. Calculate the remainder when t is divided by 16.
14
Suppose 2*c - 2 = -3*z, 5*c + 3*z - 4*z = 22. Suppose -k - c*k + 65 = 0. Let y = 63 - 39. Calculate the remainder when y is divided by k.
11
Suppose 3 = 2*j - 17. Let t = 39 - 21. Suppose 0 = -0*i - 3*i + t. Calculate the remainder when j is divided by i.
4
Let n = 14 + 31. Calculate the remainder when n is divided by 25.
20
Suppose -2*t - 32 = -2*y, y = -y - 5*t + 60. What is the remainder when y is divided by 8?
4
Let l(t) = 10*t**3 - t**2 + 1. Let o be l(-1). Let v = 19 + o. What is the remainder when 33 is divided by v?
6
Let h(t) = 15*t. Calculate the remainder when 119 is divided by h(2).
29
Let g = 12 - 4. Suppose a - g + 2 = 0. Let l(k) = -9*k - 1. Calculate the remainder when l(-2) is divided by a.
5
Let h(v) = -v - 5. Let x be h(-8). Calculate the remainder when (2/x)/((-5)/(-195)) is divided by 10.
6
Let u = -18 - -30. Suppose 4*v - 20 = u. Calculate the remainder when (-702)/(-30) + 4/(-10) is divided by v.
7
Let a be 5 - 3/(-6)*-4. Suppose 0 = -3*p - 5*w + a*w + 38, -4*w = -3*p + 32. Calculate the remainder when ((-10)/(-6))/(2/42) is divided by p.
11
Let v(u) = -u**3 + 6*u**2 - 4*u - 4. Let j = -4 + 5. What is the remainder when v(5) is divided by j/(-3) + (-12)/(-9)?
0
Let v(q) = -2*q**2 - 41*q - 16. What is the remainder when v(-14) is divided by 44?
34
Suppose -18 - 21 = -3*s. Calculate the remainder when 38 is divided by s.
12
Let d(h) = h**3 - 10*h**2 + 9*h - 12. Let n be d(10). Suppose -z + 3*s + 11 = -9, -5*z + 4*s + n = 0. What is the remainder when z is divided by 5?
4
Let k = 16 - -3. Calculate the remainder when 91 is divided by k.
15
Suppose -3*r = -0*m + m - 54, 5*m + 5*r - 300 = 0. Calculate the remainder when m is divided by 16.
15
What is the remainder when ((-15)/(-20))/(-3)*-604 is divided by 17?
15
Let x = 6 - 6. Suppose -j + 0*j + 10 = x. Calculate the remainder when 18 is divided by j.
8
Let u be 4*2*2/16. Let b = 10 - u. Calculate the remainder when 0 - (1 - 4 - 23) is divided by b.
8
Calculate the remainder when 63 is divided by (-1 - 122/(-18)) + 8/36.
3
Suppose -7 = -x + j, 0*j = 4*x + 4*j - 20. Suppose -4*z + 51 = 3*d, 8 = 2*z + 4*d - 20. What is the remainder when x/9*-3 - -25 is divided by z?
11
Let q be ((-4)/6*-3)/(-2). Let y = q + 7. Calculate the remainder when 8 is divided by (-2)/4 + 33/y.
3
Suppose -2*k = -3*k + 2*y + 26, 2*y + 86 = 4*k. Let p = -1 + k. Calculate the remainder when 75 is divided by p.
18
Suppose 5*p - 5 = 0, -2*d + 2*p = p - 9. Calculate the remainder when 28 is divided by (3 - -1)/4*d.
3
Let g(z) = -z**2 - 5*z + 2. Let k be g(-5). Suppose -2*l = -d + 22, l + 74 = 2*d + k*d. Calculate the remainder when 34 is divided by d.
16
Suppose -g = 3*g. Let y(n) = n**2 - 10*n + 14. Calculate the remainder when (-3)/(g - 3) + 26 is divided by y(10).
13
Let a(x) = -x**3 + 5*x**2 - x + 2. Calculate the remainder when a(4) is divided by 9.
5
Suppose -a - 2 = -1. Let g be (2*a)/2 + 45. Suppose 14 = -2*h + g. What is the remainder when 44 is divided by h?
14
Suppose 28*i - 23*i = 370. What is the remainder when i is divided by 25?
24
Suppose 0 = -m + 5*m - 3*y - 20, -4*y - 16 = 0. Calculate the remainder when 7 is divided by m.
1
Suppose -3 = -4*h + 3*h. Suppose 20 = h*d + d. What is the remainder when 4 is divided by ((-4)/d)/(10/(-25))?
0
Let n(f) = f**3 - 6*f**2 - 6*f - 5. Let j(x) = x**3 - 4*x**2 - 3*x - 3. Let h be j(5). What is the remainder when 5 is divided by n(h)?
1
Let b(p) = p**2 + 4*p - 8. Suppose 18 = 2*t - 5*t. What is the remainder when 11 is divided by b(t)?
3
Suppose -3*t + 116 = 4*a - 49, -4*t - 20 = 0. Suppose 3*j = 8*j - a. Calculate the remainder when j is divided by (-48)/40*5/2*-1.
0
Let c(v) = v - 4. What is the remainder when 13 is divided by c(8)?
1
Suppose 37*b = 33*b + 24. What is the remainder when 81 is divided by b?
3
Let x = 32 + -23. Calculate the remainder when 18 is divided by (7/(-3))/((-3)/x).
4
Calculate the remainder when 33/(-2)*(-32)/12 is divided by 15.
14
Let o(i) = 2*i**2 + i - 3. What is the remainder when o(-4) is divided by 14?
11
Suppose -6*t + 7*t - 18 = 0. Calculate the remainder when 70 is divided by t.
16
Let s(i) = -i**3 - 3*i**2 - i + 5. Let c(h) = 2*h + 6. Let m be c(-5). Calculate the remainder when s(m) is div